{"id":145,"date":"2025-12-06T11:01:25","date_gmt":"2025-12-06T11:01:25","guid":{"rendered":"https:\/\/safrabrasilfertilizantes.com.br\/loja\/?post_type=product&#038;p=145"},"modified":"2026-02-17T18:18:14","modified_gmt":"2026-02-17T18:18:14","slug":"micronmax","status":"publish","type":"product","link":"https:\/\/safrabrasilfertilizantes.com.br\/loja\/produto\/micronmax\/","title":{"rendered":"MICRONMAX"},"content":{"rendered":"<p data-start=\"1144\" data-end=\"1342\"><strong data-start=\"1144\" data-end=\"1157\">MicronMax<\/strong>\u00a0\u00e9 um fertilizante foliar desenvolvido para o fornecimento equilibrado de nutrientes essenciais, contribuindo para o desenvolvimento saud\u00e1vel das plantas e maior efici\u00eancia fisiol\u00f3gica.<\/p>\n<hr data-start=\"1344\" data-end=\"1347\" \/>\n<h2 data-start=\"1349\" data-end=\"1376\"><strong data-start=\"1352\" data-end=\"1376\">Recomenda\u00e7\u00f5es Gerais<\/strong><\/h2>\n<ul data-start=\"1377\" data-end=\"1937\">\n<li data-start=\"1377\" data-end=\"1473\">\n<p data-start=\"1379\" data-end=\"1473\">Aplicar via\u00a0<strong data-start=\"1391\" data-end=\"1414\">pulveriza\u00e7\u00e3o foliar<\/strong>, preferencialmente nos\u00a0<strong data-start=\"1438\" data-end=\"1470\">hor\u00e1rios mais frescos do dia<\/strong>.<\/p>\n<\/li>\n<li data-start=\"1474\" data-end=\"1536\">\n<p data-start=\"1476\" data-end=\"1536\">N\u00e3o h\u00e1 per\u00edodo de car\u00eancia entre a aplica\u00e7\u00e3o e a colheita.<\/p>\n<\/li>\n<li data-start=\"1537\" data-end=\"1610\">\n<p data-start=\"1539\" data-end=\"1610\">As doses podem variar conforme orienta\u00e7\u00e3o do\u00a0<strong data-start=\"1584\" data-end=\"1607\">t\u00e9cnico respons\u00e1vel<\/strong>.<\/p>\n<\/li>\n<li data-start=\"1611\" data-end=\"1727\">\n<p data-start=\"1613\" data-end=\"1727\">Evitar aplica\u00e7\u00f5es em hor\u00e1rios de\u00a0<strong data-start=\"1646\" data-end=\"1671\">temperaturas elevadas<\/strong>, especialmente no ver\u00e3o ou sob forte d\u00e9ficit h\u00eddrico.<\/p>\n<\/li>\n<li data-start=\"1728\" data-end=\"1812\">\n<p data-start=\"1730\" data-end=\"1812\">N\u00e3o aplicar em dias chuvosos ou com previs\u00e3o de chuva nas\u00a0<strong data-start=\"1788\" data-end=\"1809\">pr\u00f3ximas 24 horas<\/strong>.<\/p>\n<\/li>\n<li data-start=\"1813\" data-end=\"1937\">\n<p data-start=\"1815\" data-end=\"1937\">Produto\u00a0<strong data-start=\"1823\" data-end=\"1837\">n\u00e3o t\u00f3xico<\/strong>\u00a0e\u00a0<strong data-start=\"1840\" data-end=\"1876\">n\u00e3o prejudicial ao meio ambiente<\/strong>, mas deve ser mantido fora do alcance de crian\u00e7as e animais.<\/p>\n<\/li>\n<\/ul>\n<table>\n<thead>\n<tr>\n<th>Componente<\/th>\n<th>Concentra\u00e7\u00e3o<\/th>\n<\/tr>\n<\/thead>\n<tbody>\n<tr>\n<td>N<\/td>\n<td>10,0% (120 g\/L)<\/td>\n<\/tr>\n<tr>\n<td>P\u2082O\u2085<\/td>\n<td>10,0% (120 g\/L)<\/td>\n<\/tr>\n<tr>\n<td>K<\/td>\n<td>10,0% (120 g\/L)<\/td>\n<\/tr>\n<tr>\n<td>Aditivos<\/td>\n<td>20,0% (240 g\/L)<\/td>\n<\/tr>\n<\/tbody>\n<\/table>\n","protected":false},"excerpt":{"rendered":"<p class=\"elementor-heading-title elementor-size-default\">MicronMax \u00e9 um fertilizante foliar desenvolvido para o fornecimento equilibrado de nutrientes essenciais, contribuindo para o desenvolvimento saud\u00e1vel das plantas e maior efici\u00eancia fisiol\u00f3gica.<\/p>\n","protected":false},"featured_media":120,"comment_status":"open","ping_status":"closed","template":"","meta":[],"product_brand":[],"product_cat":[17],"product_tag":[],"class_list":{"0":"post-145","1":"product","2":"type-product","3":"status-publish","4":"has-post-thumbnail","6":"product_cat-liquidos","8":"first","9":"instock","10":"taxable","11":"shipping-taxable","12":"purchasable","13":"product-type-simple"},"_links":{"self":[{"href":"https:\/\/safrabrasilfertilizantes.com.br\/loja\/wp-json\/wp\/v2\/product\/145","targetHints":{"allow":["GET"]}}],"collection":[{"href":"https:\/\/safrabrasilfertilizantes.com.br\/loja\/wp-json\/wp\/v2\/product"}],"about":[{"href":"https:\/\/safrabrasilfertilizantes.com.br\/loja\/wp-json\/wp\/v2\/types\/product"}],"replies":[{"embeddable":true,"href":"https:\/\/safrabrasilfertilizantes.com.br\/loja\/wp-json\/wp\/v2\/comments?post=145"}],"wp:featuredmedia":[{"embeddable":true,"href":"https:\/\/safrabrasilfertilizantes.com.br\/loja\/wp-json\/wp\/v2\/media\/120"}],"wp:attachment":[{"href":"https:\/\/safrabrasilfertilizantes.com.br\/loja\/wp-json\/wp\/v2\/media?parent=145"}],"wp:term":[{"taxonomy":"product_brand","embeddable":true,"href":"https:\/\/safrabrasilfertilizantes.com.br\/loja\/wp-json\/wp\/v2\/product_brand?post=145"},{"taxonomy":"product_cat","embeddable":true,"href":"https:\/\/safrabrasilfertilizantes.com.br\/loja\/wp-json\/wp\/v2\/product_cat?post=145"},{"taxonomy":"product_tag","embeddable":true,"href":"https:\/\/safrabrasilfertilizantes.com.br\/loja\/wp-json\/wp\/v2\/product_tag?post=145"}],"curies":[{"name":"wp","href":"https:\/\/api.w.org\/{rel}","templated":true}]}}