{"id":167,"date":"2025-12-08T11:13:05","date_gmt":"2025-12-08T11:13:05","guid":{"rendered":"https:\/\/safrabrasilfertilizantes.com.br\/loja\/?post_type=product&#038;p=167"},"modified":"2026-02-17T18:16:41","modified_gmt":"2026-02-17T18:16:41","slug":"nitrox-40-05-05","status":"publish","type":"product","link":"https:\/\/safrabrasilfertilizantes.com.br\/loja\/produto\/nitrox-40-05-05\/","title":{"rendered":"NITROX 40 05 05"},"content":{"rendered":"<p data-start=\"368\" data-end=\"412\"><strong data-start=\"381\" data-end=\"397\">Linha Maluli<\/strong><br data-start=\"397\" data-end=\"400\" \/><strong data-start=\"400\" data-end=\"412\">40-05-05<\/strong><\/p>\n<p data-start=\"414\" data-end=\"446\">FERTILIZANTE ORGANOMINERAIS SAIS<\/p>\n<p data-start=\"448\" data-end=\"501\">(Texto explicativo \u2014 parcialmente leg\u00edvel na imagem:)<\/p>\n<p data-start=\"503\" data-end=\"664\">NITROX 40-05-05 foi desenvolvido para atender as necessidades complementares de Nitrog\u00eanio, F\u00f3sforo e Pot\u00e1ssio, podendo ser aplicado em qualquer fase da cultura.<\/p>\n<p data-start=\"666\" data-end=\"731\"><strong data-start=\"666\" data-end=\"697\">DOSAGEM E MODO DE APLICA\u00c7\u00c3O<\/strong><br data-start=\"697\" data-end=\"700\" \/>(Tabela \u2014 parcialmente leg\u00edvel)<\/p>\n<p data-start=\"733\" data-end=\"812\"><strong data-start=\"733\" data-end=\"747\">Garantias:<\/strong><br data-start=\"747\" data-end=\"750\" \/>N \u2026\u2026\u2026\u2026. 40%<br data-start=\"769\" data-end=\"772\" \/>P\u2082O\u2085 \u2026\u2026\u2026. 05%<br data-start=\"791\" data-end=\"794\" \/>K\u2082O \u2026\u2026\u2026. 05%<\/p>\n<p data-start=\"814\" data-end=\"837\"><strong data-start=\"814\" data-end=\"827\">Conte\u00fado:<\/strong><br data-start=\"827\" data-end=\"830\" \/><strong data-start=\"830\" data-end=\"837\">5kg<\/strong><\/p>\n<p data-start=\"839\" data-end=\"892\"><strong data-start=\"839\" data-end=\"870\">Safra Brasil \u2014 Linha Maluli<\/strong><br data-start=\"870\" data-end=\"873\" \/>Fertilizante s\u00f3lido<\/p>\n","protected":false},"excerpt":{"rendered":"<div class=\"elementor-element elementor-element-53d39ef elementor-widget elementor-widget-heading\" data-id=\"53d39ef\" data-element_type=\"widget\" data-widget_type=\"heading.default\">\n<div class=\"elementor-widget-container\">\n<p class=\"elementor-heading-title elementor-size-default\">\u2022 40% de Nitrog\u00eanio \u2022 05% de F\u00f3sforo \u2022 05% de Pot\u00e1ssio Desenvolvido para atender as necessidades complementares de Nitrog\u00eanio, F\u00f3sforo e Pot\u00e1ssio em qualquer fase da cultura.<\/p>\n<\/div>\n<\/div>\n","protected":false},"featured_media":122,"comment_status":"open","ping_status":"closed","template":"","meta":[],"product_brand":[],"product_cat":[16],"product_tag":[],"class_list":{"0":"post-167","1":"product","2":"type-product","3":"status-publish","4":"has-post-thumbnail","6":"product_cat-sais","8":"first","9":"instock","10":"taxable","11":"shipping-taxable","12":"purchasable","13":"product-type-simple"},"_links":{"self":[{"href":"https:\/\/safrabrasilfertilizantes.com.br\/loja\/wp-json\/wp\/v2\/product\/167","targetHints":{"allow":["GET"]}}],"collection":[{"href":"https:\/\/safrabrasilfertilizantes.com.br\/loja\/wp-json\/wp\/v2\/product"}],"about":[{"href":"https:\/\/safrabrasilfertilizantes.com.br\/loja\/wp-json\/wp\/v2\/types\/product"}],"replies":[{"embeddable":true,"href":"https:\/\/safrabrasilfertilizantes.com.br\/loja\/wp-json\/wp\/v2\/comments?post=167"}],"wp:featuredmedia":[{"embeddable":true,"href":"https:\/\/safrabrasilfertilizantes.com.br\/loja\/wp-json\/wp\/v2\/media\/122"}],"wp:attachment":[{"href":"https:\/\/safrabrasilfertilizantes.com.br\/loja\/wp-json\/wp\/v2\/media?parent=167"}],"wp:term":[{"taxonomy":"product_brand","embeddable":true,"href":"https:\/\/safrabrasilfertilizantes.com.br\/loja\/wp-json\/wp\/v2\/product_brand?post=167"},{"taxonomy":"product_cat","embeddable":true,"href":"https:\/\/safrabrasilfertilizantes.com.br\/loja\/wp-json\/wp\/v2\/product_cat?post=167"},{"taxonomy":"product_tag","embeddable":true,"href":"https:\/\/safrabrasilfertilizantes.com.br\/loja\/wp-json\/wp\/v2\/product_tag?post=167"}],"curies":[{"name":"wp","href":"https:\/\/api.w.org\/{rel}","templated":true}]}}